{"id":7,"date":"2013-07-08T11:43:18","date_gmt":"2013-07-08T09:43:18","guid":{"rendered":"https:\/\/profitarhely.hu\/blog\/?page_id=7"},"modified":"2013-07-08T14:18:45","modified_gmt":"2013-07-08T12:18:45","slug":"szerszamoslada","status":"publish","type":"page","link":"https:\/\/profitarhely.hu\/blog\/szerszamoslada\/","title":{"rendered":"Szersz\u00e1mosl\u00e1da"},"content":{"rendered":"<p>Minden amire egy fejleszt\u0151nek sz\u00fcks\u00e9ge lehet.<br \/>\nMi is ezekkel dolgozunk \ud83d\ude42<\/p>\n<p><strong>CMS rendszerek<br \/>\n<\/strong><\/p>\n<figure id=\"attachment_8\" aria-describedby=\"caption-attachment-8\" style=\"width: 140px\" class=\"wp-caption alignleft\"><a href=\"http:\/\/www.wphu.org\"><img loading=\"lazy\" decoding=\"async\" class=\"size-thumbnail wp-image-8\" alt=\"WordPress\" src=\"https:\/\/profitarhely.hu\/blog\/wp-content\/uploads\/2013\/07\/Screen-Shot-2013-07-08-at-11.40.57-AM-150x150.jpg\" width=\"150\" height=\"150\" \/><\/a><figcaption id=\"caption-attachment-8\" class=\"wp-caption-text\">WordPress<\/figcaption><\/figure>\n<p><strong>WordPress<br \/>\n<\/strong><\/p>\n<p><!--?xml version=\"1.0\" encoding=\"UTF-8\" standalone=\"no\"?--> Manaps\u00e1g a legn\u00e9pszer\u0171bb ingyenes blogmotor. Tulajdonk\u00e9ppen m\u00e1r j\u00f3val t\u00f6bb mindenre is haszn\u00e1lhat\u00f3, ak\u00e1r c\u00e9ges bemutatkoz\u00f3 oldalt vagy \u00e9pp web\u00e1ruh\u00e1zat is k\u00f6nnyed\u00e9n k\u00e9sz\u00edthetsz vele. A legfrissebb v\u00e1ltozatot <a href=\"http:\/\/wphu.org\/letoltes\">INNEN<\/a> t\u00f6ltheted le, vagy <strong>k\u00e9rd \u00fcgyf\u00e9lszolg\u00e1latunkt\u00f3l, hogy telep\u00edts\u00fck fel neked!<\/strong><\/p>\n<p>&nbsp;<\/p>\n<p><strong>WEBFEJLESZT\u0150KNEK<\/strong><\/p>\n<figure id=\"attachment_12\" aria-describedby=\"caption-attachment-12\" style=\"width: 140px\" class=\"wp-caption alignleft\"><a href=\"http:\/\/www.colorzilla.com\/gradient-editor\/\"><img loading=\"lazy\" decoding=\"async\" class=\"size-thumbnail wp-image-12\" alt=\"Ultimate CSS Gradient Generator\" src=\"https:\/\/profitarhely.hu\/blog\/wp-content\/uploads\/2013\/07\/Screen-Shot-2013-07-08-at-11.45.01-AM-150x150.jpg\" width=\"150\" height=\"150\" \/><\/a><figcaption id=\"caption-attachment-12\" class=\"wp-caption-text\">Ultimate CSS Gradient Generator<\/figcaption><\/figure>\n<p><strong>Ultimate CSS Gradient Generator<\/strong><br \/>\n<a href=\"http:\/\/www.colorzilla.com\/gradient-editor\/\">http:\/\/www.colorzilla.com\/gradient-editor\/<\/a><\/p>\n<p>Gondolkozt\u00e1l m\u00e1r azon, hogy milyen j\u00f3l mutatnak a weboldalakon az eszt\u00e9tkius sz\u00edn\u00e1tmenetekkel megrajzolt<br \/>\ngombok, boxok? Ak\u00e1r 3D-s hat\u00e1st is k\u00f6nnyen el lehet \u00e9rni, \u00e9s ehhez m\u00e1r a grafikusodat sem kell zaklatnod.<br \/>\nEzzel az eszk\u00f6zzel k\u00f6nnyen \u00e9s gyorsan tudsz gr\u00e1dienst gener\u00e1lni, \u00e9s a legt\u00f6bb b\u00f6ng\u00e9sz\u0151vel kompatibilis CSS k\u00f3dot haszn\u00e1lhatod.<\/p>\n<p>&nbsp;<\/p>\n<figure id=\"attachment_14\" aria-describedby=\"caption-attachment-14\" style=\"width: 140px\" class=\"wp-caption alignleft\"><a href=\"http:\/\/colorpicker.com\"><img loading=\"lazy\" decoding=\"async\" class=\"size-thumbnail wp-image-14\" alt=\"Colorpicker.com\" src=\"https:\/\/profitarhely.hu\/blog\/wp-content\/uploads\/2013\/07\/Screen-Shot-2013-07-08-at-11.50.37-AM-150x150.jpg\" width=\"150\" height=\"150\" \/><\/a><figcaption id=\"caption-attachment-14\" class=\"wp-caption-text\">Colorpicker.com<\/figcaption><\/figure>\n<p><strong>Colorpicker.com<\/strong><br \/>\n<a href=\"http:\/\/www.colorpicker.com\" target=\"_blank\">http:\/\/www.colorpicker.com<\/a><\/p>\n<p>V\u00e1laszd ki a megfelel\u0151 sz\u00ednt, az alkalmaz\u00e1s ki\u00edrja a hozz\u00e1 tartoz\u00f3 RGB k\u00f3dot.<br \/>\nUgyan\u00edgy haszn\u00e1lhat\u00f3 visszafel\u00e9 is, ha szeretn\u00e9d megtudni, hogy egy k\u00f3d milyen sz\u00ednt takar.<\/p>\n<p>&nbsp;<\/p>\n<p>&nbsp;<\/p>\n<figure id=\"attachment_15\" aria-describedby=\"caption-attachment-15\" style=\"width: 140px\" class=\"wp-caption alignleft\"><a href=\"http:\/\/placehold.it\"><img loading=\"lazy\" decoding=\"async\" class=\"size-thumbnail wp-image-15\" alt=\"Placehold.it\" src=\"https:\/\/profitarhely.hu\/blog\/wp-content\/uploads\/2013\/07\/Screen-Shot-2013-07-08-at-11.52.39-AM-150x150.jpg\" width=\"150\" height=\"150\" \/><\/a><figcaption id=\"caption-attachment-15\" class=\"wp-caption-text\">Placehold.it<\/figcaption><\/figure>\n<p><strong>Placehold.it<\/strong><br \/>\n<a href=\"http:\/\/placehold.it\" target=\"_blank\">http:\/\/placehold.it<\/a><\/p>\n<p><!--?xml version=\"1.0\" encoding=\"UTF-8\" standalone=\"no\"?--> Gyakran el\u0151fordul, hogy egy weboldalhoz a grafikai elemek, bannerek m\u00e9g nem k\u00e9sz\u00fclnek el, de j\u00f3 lenne m\u00e1r egyben l\u00e1tni a szerkezetet. Erre kiv\u00e1l\u00f3 megold\u00e1s a Placehold.it, amivel k\u00f6nnyen \u00e9s gyorsan sz\u00farhatsz be az oldaladba banner-helyettes\u00edt\u0151 elemeket.<\/p>\n<p>&nbsp;<\/p>\n<figure id=\"attachment_19\" aria-describedby=\"caption-attachment-19\" style=\"width: 140px\" class=\"wp-caption alignleft\"><a href=\"http:\/\/www.mobilephoneemulator.com\"><img loading=\"lazy\" decoding=\"async\" class=\"size-thumbnail wp-image-19\" alt=\"Mobile Phone Emulator\" src=\"https:\/\/profitarhely.hu\/blog\/wp-content\/uploads\/2013\/07\/Screen-Shot-2013-07-08-at-1.22.44-PM-150x150.jpg\" width=\"150\" height=\"150\" \/><\/a><figcaption id=\"caption-attachment-19\" class=\"wp-caption-text\">Mobile Phone Emulator<\/figcaption><\/figure>\n<p><strong>Mobile Phone Emulator<\/strong><br \/>\n<a href=\"http:\/\/www.mobilephoneemulator.com\">http:\/\/www.mobilephoneemulator.com<\/a><\/p>\n<p>Vajon hogyan fog kin\u00e9zni a weboldal telefonon, t\u00e1blag\u00e9pen?<br \/>\nEzzek csekkold, miel\u0151tt meglepet\u00e9s \u00e9rne.<\/p>\n<p>&nbsp;<\/p>\n<p>&nbsp;<\/p>\n<p>&nbsp;<\/p>\n<figure id=\"attachment_20\" aria-describedby=\"caption-attachment-20\" style=\"width: 140px\" class=\"wp-caption alignleft\"><a href=\"http:\/\/twitter.github.io\/bootstrap\/\"><img loading=\"lazy\" decoding=\"async\" class=\"size-thumbnail wp-image-20\" alt=\"Twitter Bootstrap\" src=\"https:\/\/profitarhely.hu\/blog\/wp-content\/uploads\/2013\/07\/Screen-Shot-2013-07-08-at-1.26.59-PM-150x150.jpg\" width=\"150\" height=\"150\" \/><\/a><figcaption id=\"caption-attachment-20\" class=\"wp-caption-text\">Twitter Bootstrap<\/figcaption><\/figure>\n<p><strong>Twitter Bootstrap<br \/>\n<\/strong><a href=\"http:\/\/twitter.github.io\/bootstrap\/\">http:\/\/twitter.github.io\/bootstrap\/<\/a><\/p>\n<p>Eleg\u00e1ns, sz\u00e9p, k\u00f6nnyen haszn\u00e1lhat\u00f3 keretrendszer a Twitter fejleszt\u0151it\u0151l.<br \/>\nMinimalist\u00e1knak kifejezetten aj\u00e1nlott.<\/p>\n<p>&nbsp;<\/p>\n<p>&nbsp;<\/p>\n<figure id=\"attachment_21\" aria-describedby=\"caption-attachment-21\" style=\"width: 140px\" class=\"wp-caption alignleft\"><a href=\"http:\/\/lesscss.org\"><img loading=\"lazy\" decoding=\"async\" class=\"size-thumbnail wp-image-21\" alt=\"Less CSS\" src=\"https:\/\/profitarhely.hu\/blog\/wp-content\/uploads\/2013\/07\/Screen-Shot-2013-07-08-at-1.28.58-PM-150x150.jpg\" width=\"150\" height=\"150\" \/><\/a><figcaption id=\"caption-attachment-21\" class=\"wp-caption-text\">Less CSS<\/figcaption><\/figure>\n<p><strong>Less CSS<\/strong><br \/>\n<a href=\"http:\/\/lesscss.org\">http:\/\/lesscss.org<\/a><\/p>\n<p>A kevesebb n\u00e9ha t\u00f6bb. A sok g\u00e9pel\u00e9s helyett, haszn\u00e1lhatjuk a Less-t, ami a CSS<br \/>\nfejleszt\u00e9s\u00e9ben ny\u00fajt hathat\u00f3s seg\u00edts\u00e9get. Funkci\u00f3k, v\u00e1ltoz\u00f3k, oper\u00e1torok.<br \/>\nAmikor a grafikus egy kicsit kocka is lesz.<\/p>\n<p>&nbsp;<\/p>\n<figure id=\"attachment_22\" aria-describedby=\"caption-attachment-22\" style=\"width: 140px\" class=\"wp-caption alignleft\"><a href=\"http:\/\/border-radius.com\"><img loading=\"lazy\" decoding=\"async\" class=\"size-thumbnail wp-image-22\" alt=\"CSS Border Radius\" src=\"https:\/\/profitarhely.hu\/blog\/wp-content\/uploads\/2013\/07\/Screen-Shot-2013-07-08-at-1.32.15-PM-150x150.jpg\" width=\"150\" height=\"150\" \/><\/a><figcaption id=\"caption-attachment-22\" class=\"wp-caption-text\">CSS Border Radius<\/figcaption><\/figure>\n<p><strong>CSS Border Radius<\/strong><br \/>\n<a href=\"http:\/\/border-radius.com\">http:\/\/border-radius.com<\/a><\/p>\n<p><!--?xml version=\"1.0\" encoding=\"UTF-8\" standalone=\"no\"?--> \u00dagy sz\u00e9p, ha kerek. Gombok, keretek \u00e9s mindenf\u00e9le elemek lekerek\u00edt\u00e9se CSS-sel.<\/p>\n","protected":false},"excerpt":{"rendered":"<p>Minden amire egy fejleszt\u0151nek sz\u00fcks\u00e9ge lehet. Mi is ezekkel dolgozunk \ud83d\ude42 CMS rendszerek WordPress Manaps\u00e1g a legn\u00e9pszer\u0171bb ingyenes blogmotor. Tulajdonk\u00e9ppen m\u00e1r j\u00f3val t\u00f6bb mindenre is haszn\u00e1lhat\u00f3, ak\u00e1r c\u00e9ges bemutatkoz\u00f3 oldalt vagy \u00e9pp web\u00e1ruh\u00e1zat is k\u00f6nnyed\u00e9n k\u00e9sz\u00edthetsz vele. A legfrissebb v\u00e1ltozatot INNEN t\u00f6ltheted le, vagy k\u00e9rd \u00fcgyf\u00e9lszolg\u00e1latunkt\u00f3l, hogy telep\u00edts\u00fck fel neked! &nbsp; WEBFEJLESZT\u0150KNEK Ultimate CSS Gradient &#8230; <\/p>\n<p class=\"read-more-container\"><a title=\"Szersz\u00e1mosl\u00e1da\" class=\"read-more button\" href=\"https:\/\/profitarhely.hu\/blog\/szerszamoslada\/#more-7\">Olvass tov\u00e1bb<span class=\"screen-reader-text\">Szersz\u00e1mosl\u00e1da<\/span><\/a><\/p>\n","protected":false},"author":1,"featured_media":0,"parent":0,"menu_order":0,"comment_status":"open","ping_status":"open","template":"","meta":{"_seopress_robots_primary_cat":"","_seopress_titles_title":"","_seopress_titles_desc":"","_seopress_robots_index":"","footnotes":""},"class_list":{"0":"post-7","1":"page","2":"type-page","3":"status-publish","5":"no-featured-image-padding"},"_links":{"self":[{"href":"https:\/\/profitarhely.hu\/blog\/wp-json\/wp\/v2\/pages\/7"}],"collection":[{"href":"https:\/\/profitarhely.hu\/blog\/wp-json\/wp\/v2\/pages"}],"about":[{"href":"https:\/\/profitarhely.hu\/blog\/wp-json\/wp\/v2\/types\/page"}],"author":[{"embeddable":true,"href":"https:\/\/profitarhely.hu\/blog\/wp-json\/wp\/v2\/users\/1"}],"replies":[{"embeddable":true,"href":"https:\/\/profitarhely.hu\/blog\/wp-json\/wp\/v2\/comments?post=7"}],"version-history":[{"count":9,"href":"https:\/\/profitarhely.hu\/blog\/wp-json\/wp\/v2\/pages\/7\/revisions"}],"predecessor-version":[{"id":24,"href":"https:\/\/profitarhely.hu\/blog\/wp-json\/wp\/v2\/pages\/7\/revisions\/24"}],"wp:attachment":[{"href":"https:\/\/profitarhely.hu\/blog\/wp-json\/wp\/v2\/media?parent=7"}],"curies":[{"name":"wp","href":"https:\/\/api.w.org\/{rel}","templated":true}]}}